e
Is 31821463 a prime number?
True
Is 673287 a composite number?
True
Is 69332089 prime?
False
Is 1953703 a prime number?
False
Is 422019359 composite?
False
Is 30354481 composite?
False
Is 341626209 prime?
False
Is 1976885 a composite number?
True
Is 139174039 composite?
False
Is 22767389 a composite number?
False
Is 7506431 prime?
False
Is 53335355 a prime number?
False
Is 14214781 a composite number?
True
Is 12241849 a prime number?
False
Is 2204221 composite?
False
Is 29084027 composite?
True
Is 860737 a composite number?
True
Is 283419335 composite?
True
Is 11354999 composite?
False
Is 99186497 a composite number?
True
Is 190797833 prime?
True
Is 927517 prime?
True
Is 1607743 composite?
True
Is 16613183 a prime number?
True
Is 12404633 a prime number?
False
Is 19741151 a prime number?
True
Is 54376723 a prime number?
False
Is 10060069 composite?
False
Is 3596161 composite?
False
Is 29526067 prime?
True
Is 10682633 a composite number?
True
Is 753429979 a composite number?
False
Is 369161153 composite?
True
Is 4842491 composite?
True
Is 9711787 a composite number?
False
Is 3252761 a prime number?
True
Is 15264023 a composite number?
False
Is 137284759 a prime number?
True
Is 3694403 a prime number?
False
Is 1677563 a prime number?
False
Is 93747583 a prime number?
True
Is 277316945 composite?
True
Is 2206403 composite?
False
Is 272249 composite?
False
Is 61478905 a composite number?
True
Is 1886727 composite?
True
Is 49411177 a composite number?
False
Is 9468665 a prime number?
False
Is 26778399 prime?
False
Is 5014003 a composite number?
False
Is 905353 a composite number?
True
Is 25688683 a composite number?
True
Is 78228847 prime?
False
Is 18926179 prime?
True
Is 158236139 composite?
True
Is 631011922 a composite number?
True
Is 10743263 a composite number?
False
Is 12200239 a prime number?
True
Is 4554461 composite?
False
Is 129628489 a prime number?
True
Is 4461139 a composite number?
True
Is 1231739 a composite number?
True
Is 7781159 composite?
False
Is 764963 a prime number?
False
Is 626807767 prime?
True
Is 8974067 a composite number?
False
Is 3711299 a prime number?
True
Is 566603 a prime number?
False
Is 101088707 prime?
True
Is 865864957 prime?
True
Is 28998581 composite?
False
Is 64584031 composite?
False
Is 76881029 composite?
False
Is 164353187 composite?
False
Is 1950881 a prime number?
True
Is 598542247 composite?
True
Is 26466805 prime?
False
Is 74066051 a prime number?
False
Is 1848581 a prime number?
False
Is 24877469 a composite number?
True
Is 3671961 a composite number?
True
Is 7388981 composite?
False
Is 163125329 a prime number?
True
Is 4732529 a prime number?
False
Is 45834197 a composite number?
False
Is 25289623 a prime number?
True
Is 41171959 prime?
False
Is 11269297 a prime number?
False
Is 5917099 a composite number?
False
Is 51997235 a prime number?
False
Is 90583 composite?
False
Is 18355394 composite?
True
Is 1830391 composite?
False
Is 24330989 composite?
True
Is 45874063 prime?
True
Is 17217829 a prime number?
True
Is 75882097 a composite number?
False
Is 3758791 composite?
False
Is 1531709 a composite number?
False
Is 37411877 a composite number?
False
Is 727253 prime?
False
Is 18805481 composite?
False
Is 887903 a prime number?
True
Is 73640921 composite?
False
Is 26417522 prime?
False
Is 29483351 a prime number?
True
Is 4035337 a composite number?
False
Is 1569637 a composite number?
False
Is 1212763589 a composite number?
True
Is 1573936773 a composite number?
True
Is 22103701 composite?
True
Is 62504171 prime?
True
Is 518579 composite?
False
Is 157951 a prime number?
True
Is 753733 prime?
False
Is 574907 prime?
True
Is 2300107 composite?
True
Is 4654555 composite?
True
Is 1628747 a composite number?
False
Is 7464703 a composite number?
False
Is 1019119 prime?
True
Is 3342283 composite?
True
Is 9848779 prime?
True
Is 11308403 a composite number?
True
Is 578196767 a composite number?
False
Is 4452699 a composite number?
True
Is 749699 a prime number?
False
Is 4181057 a prime number?
False
Is 849313 composite?
True
Is 236057 a composite number?
True
Is 8049241 composite?
True
Is 604387 composite?
True
Is 4541219 composite?
False
Is 1239809951 prime?
True
Is 104285269 composite?
True
Is 134012563 a composite number?
False
Is 123946421 composite?
True
Is 321023 composite?
True
Is 3947 a prime number?
True
Is 2012519 a prime number?
True
Is 81770917 a composite number?
False
Is 46412959 a prime number?
False
Is 9979049 prime?
False
Is 6307559 a prime number?
True
Is 34503493 composite?
True
Is 380327 composite?
False
Is 43257769 prime?
False
Is 41005397 composite?
False
Is 874592117 composite?
True
Is 2505409 composite?
True
Is 2519763 prime?
False
Is 4575377 a composite number?
False
Is 373951 a composite number?
False
Is 1020553 prime?
False
Is 356172529 composite?
False
Is 54581941 composite?
False
Is 12531569 prime?
True
Is 6976861 composite?
False
Is 13890251 a prime number?
False
Is 1509681 a prime number?
False
Is 10860391 prime?
True
Is 21026191 composite?
False
Is 4983091 a composite number?
True
Is 101862203 a composite number?
False
Is 79114033 a prime number?
True
Is 29805761 a prime number?
False
Is 9554861 prime?
True
Is 10171858 a prime number?
False
Is 1204667111 prime?
True
Is 25425359 a prime number?
False
Is 42828419 a prime number?
True
Is 80176831 prime?
False
Is 29860717 a prime number?
False
Is 28680107 prime?
True
Is 142210721 composite?
True
Is 62147761 composite?
True
Is 21056479 composite?
False
Is 28079771 composite?
True
Is 736601 a composite number?
True
Is 9401627 composite?
False
Is 406789 a composite number?
False
Is 1037018 composite?
True
Is 11855303 composite?
False
Is 12607701 a composite number?
True
Is 1254137 a composite number?
False
Is 11291615 a prime number?
False
Is 42812447 prime?
True
Is 8424523 composite?
True
Is 651997 a composite number?
False
Is 120625061 a composite number?
True
Is 185264603 composite?
True
Is 10339711 composite?
False
Is 4584049 a prime number?
False
Is 23307311 a prime number?
False
Is 4223321 prime?
False
Is 26303293 composite?
False
Is 11652351 prime?
False
Is 154754042 composite?
True
Is 3707287 a composite number?
False
Is 12059441 a composite number?
False
Is 8089823 composite?
True
Is 136018523 prime?
True
Is 78203 a composite number?
False
Is 41883299 composite?
True
Is 14465267 a prime number?
True
Is 10198889 composite?
False
Is 22633711 prime?
True
Is 2105959 a prime number?
False
Is 21460199 a prime number?
False
Is 10542223 prime?
True
Is 5208397 prime?
False
Is 10930963 composite?
False
Is 4673003 prime?
True
Is 882331 a prime number?
False
Is 29932211 prime?
True
Is 219882869 a composite number?
True
Is 89434123 prime?
True
Is 19344499 composite?
False
Is 71080561 composite?
False
Is 1295679967 a prime number?
True
Is 19091729 a prime number?
False
Is 45272063 a prime number?
False
Is 1217647 prime?
True
Is 346772863 prime?
False
Is 1310311 prime?
True
Is 358609 composite?
True
Is 7217383 a prime number?
False
Is 81767333 prime?
False
Is 12591569 composite?
True
Is 1821971 composite?
True
Is 4219241 prime?
False
Is 438598969 prime?
True
Is 6283729 a composite number?
True
Is 1221565 prime?
False
Is 164166383 a composite number?
False
Is 611403437 prime?
True
Is 1050919 a prime number?
False
Is 38358955 prime?
False
Is 42617891 a composite number?
False
Is 4658482 prime?
False
Is 63151853 composite?
False
Is 24659237 composite?
True
Is 15056707 a prime number?
True
Is 5645041 prime?
False
Is 23775469 composite?
True
Is 4459193 composite?
False
Is 10034743 composite?
True
Is 175975253 a prime number?
True
Is 699641231 prime?
True
Is 20033341 a composite number?
False
Is 15414839 composite?
True
Is 2218243 composite?
True
Is 112754771 composite?
False
Is 102421961 prime?
False
Is 93799861 prime?
True
Is 75598709 a prime number?
True
Is 42389687 a composite number?
True
Is 92499521 composite?
False
Is 4162133 composite?
False
Is 46107559 a prime number?
False
Is 89900645 prime?
False
Is 753737 composite?
False
Is 18480001 composite?
False
Is 21846973 composite?
True
Is 107828381 a prime number?
False
Is 1019888917 composite?
False
Is 29956757 prime?
False
Is 39589757 a composite number?
False
Is 21844601 composite?
False